or of 9434?
False
Is 40 a factor of 51620?
False
Is 56952 a multiple of 18?
True
Does 104 divide 5245?
False
Does 39 divide 780?
True
Does 68 divide 21024?
False
Does 14 divide 252?
True
Does 11 divide 1984?
False
Is 9 a factor of 314?
False
Does 49 divide 29253?
True
Is 173229 a multiple of 18?
False
Does 14 divide 4587?
False
Is 39 a multiple of 26?
False
Is 1216 a multiple of 6?
False
Does 4 divide 1480?
True
Does 12 divide 20376?
True
Does 4 divide 721?
False
Is 24 a multiple of 8?
True
Is 353 a multiple of 7?
False
Is 16 a factor of 1312?
True
Is 15 a factor of 35415?
True
Is 15 a factor of 5634?
False
Is 3465 a multiple of 77?
True
Is 18760 a multiple of 56?
True
Is 397 a multiple of 28?
False
Does 12 divide 2548?
False
Is 170781 a multiple of 87?
True
Is 30 a factor of 1320?
True
Is 70 a factor of 396?
False
Is 11 a factor of 29814?
False
Is 3 a factor of 1923?
True
Is 1012 a multiple of 11?
True
Is 73 a factor of 8852?
False
Is 92 a factor of 4196?
False
Is 51941 a multiple of 13?
False
Is 14 a multiple of 2?
True
Does 2 divide 136?
True
Is 1460 a multiple of 8?
False
Is 12 a factor of 249?
False
Is 294 a multiple of 98?
True
Is 1547 a multiple of 62?
False
Is 8 a factor of 62?
False
Does 36 divide 1116?
True
Is 522 a multiple of 18?
True
Is 27 even?
False
Does 127 divide 6891?
False
Is 17 a factor of 43809?
True
Is 233 even?
False
Is 18 a factor of 6480?
True
Is 23 a factor of 3172?
False
Is 2924 a multiple of 64?
False
Is 19 a factor of 2147?
True
Is 176 a multiple of 4?
True
Does 3 divide 1755?
True
Is 22956 a multiple of 8?
False
Is 15 a factor of 75?
True
Is 59 a factor of 194?
False
Does 13 divide 1489?
False
Is 296 a multiple of 50?
False
Does 29 divide 1730?
False
Does 104 divide 104416?
True
Is 64 a factor of 6144?
True
Is 15732 a multiple of 38?
True
Does 3 divide 161?
False
Is 17440 a multiple of 14?
False
Is 44004 a multiple of 38?
True
Is 6 a factor of 126?
True
Does 35 divide 22575?
True
Is 45 a factor of 450?
True
Is 3 a factor of 594?
True
Does 14 divide 4151?
False
Is 2343 a multiple of 33?
True
Is 17708 a multiple of 41?
False
Is 47 a factor of 86292?
True
Does 24 divide 33284?
False
Is 25 a factor of 200?
True
Is 44358 a multiple of 93?
False
Does 41 divide 1060?
False
Is 64 a multiple of 32?
True
Does 24 divide 2325?
False
Is 1506 a multiple of 46?
False
Is 40470 a multiple of 142?
True
Does 63 divide 23751?
True
Does 39 divide 14776?
False
Does 73 divide 4098?
False
Is 75 a factor of 15744?
False
Does 57 divide 9918?
True
Is 22 a factor of 8646?
True
Is 5 a factor of 76?
False
Is 8 a factor of 2426?
False
Is 1815 a multiple of 99?
False
Does 10 divide 1131?
False
Does 12 divide 3564?
True
Does 18 divide 476?
False
Does 9 divide 208?
False
Is 72 a multiple of 8?
True
Is 637 a multiple of 49?
True
Does 71 divide 1550?
False
Is 19518 even?
True
Is 525 a multiple of 15?
True
Is 7470 a multiple of 4?
False
Is 53 a factor of 17808?
True
Is 3 a factor of 366?
True
Does 16 divide 2003?
False
Is 25 a factor of 3775?
True
Is 29 a factor of 703?
False
Does 12 divide 12659?
False
Does 66 divide 198?
True
Is 44 a factor of 2244?
True
Is 14 a factor of 6104?
True
Does 51 divide 663?
True
Is 2795 a multiple of 71?
False
Does 20 divide 30600?
True
Is 657 a multiple of 9?
True
Does 176 divide 7802?
False
Is 10455 a multiple of 123?
True
Does 24 divide 5067?
False
Is 11751 a multiple of 126?
False
Is 644 a multiple of 7?
True
Is 44 a factor of 1464?
False
Is 88706 a multiple of 26?
False
Does 7 divide 763?
True
Is 5654 a multiple of 39?
False
Does 11 divide 10458?
False
Does 26 divide 28156?
False
Is 66878 a multiple of 23?
False
Is 5 a factor of 21?
False
Does 8 divide 17815?
False
Does 17 divide 1257?
False
Is 2787 a multiple of 11?
False
Is 34 a factor of 884?
True
Is 11577 a multiple of 28?
False
Is 13 a factor of 2339?
False
Is 8 a factor of 111?
False
Does 6 divide 1371?
False
Does 12 divide 7668?
True
Is 9369 a multiple of 39?
False
Is 11 a factor of 209?
True
Is 25355 a multiple of 23?
False
Is 4 a factor of 5336?
True
Is 342 a factor of 23940?
True
Does 63 divide 50769?
False
Does 20 divide 33440?
True
Is 2393 a multiple of 22?
False
Is 5 a factor of 1168?
False
Does 128 divide 1408?
True
Is 12817 a multiple of 58?
False
Is 11 a factor of 276?
False
Does 11 divide 24486?
True
Is 37138 a multiple of 109?
False
Is 6 a multiple of 3?
True
Does 40 divide 337?
False
Does 112 divide 2504?
False
Does 35 divide 560?
True
Does 14 divide 2758?
True
Is 33 a factor of 627?
True
Does 93 divide 20367?
True
Is 4 a factor of 6853?
False
Is 1067 a multiple of 23?
False
Does 21 divide 443?
False
Is 41 a factor of 22281?
False
Does 47 divide 1739?
True
Is 493 a multiple of 29?
True
Is 7 a factor of 3371?
False
Is 2720 a multiple of 5?
True
Does 101 divide 7070?
True
Does 5 divide 29?
False
Is 1221 a multiple of 8?
False
Is 159 a factor of 7230?
False
Is 53 a factor of 2703?
True
Does 22 divide 14017?
False
Does 86 divide 26230?
True
Is 4 a factor of 2220?
True
Is 18357 a multiple of 15?
False
Is 120 a factor of 18000?
True
Does 101 divide 7081?
False
Does 28 divide 140?
True
Does 49 divide 2105?
False
Does 61 divide 732?
True
Does 122 divide 18056?
True
Is 442 a multiple of 26?
True
Does 14 divide 82642?
True
Does 17 divide 15968?
False
Is 264 a factor of 79200?
True
Does 30 divide 5070?
True
Does 13 divide 2172?
False
Does 340 divide 5780?
True
Does 25 divide 400?
True
Is 42 a factor of 8192?
False
Does 34 divide 612?
True
Does 19 divide 67811?
True
Is 5 a factor of 247?
False
Does 6 divide 2516?
False
Does 18 divide 857?
False
Is 10 a factor of 122?
False
Is 7614 a multiple of 54?
True
Is 13 a factor of 40755?
True
Does 25 divide 20525?
True
Is 29 a factor of 9686?
True
Is 31 a factor of 1810?
False
Is 1182 a multiple of 7?
False
Does 3 divide 3818?
False
Is 26 a factor of 8123?
False
Does 8 divide 760?
True
Is 903 a multiple of 3?
True
Does 11 divide 121?
True
Is 40 a factor of 2379?
False
Is 65344 a multiple of 64?
True
Is 19191 a multiple of 5?
False
Is 40 a factor of 17960?
True
Is 22386 a multiple of 13?
True
Is 44 a factor of 377?
False
Is 3 a factor of 1270?
False
Is 302 a multiple of 85?
False
Is 52 a factor of 3016?
True
Is 42 a factor of 2268?
True
Does 10 divide 1630?
True
Is 560 a multiple of 20?
True
Does 22 divide 440?
True
Is 3087 a multiple of 21?
True
Is 16 a factor of 37056?
True
Is 24 a factor of 732?
False
Is 41 a factor of 11808?
True
Is 63 a factor of 126?
True
Is 8 a factor of 1192?
True
Does 9 divide 837?
True
Is 19364 a multiple of 203?
False
Is 780 a multiple of 78?
True
Does 41 divide 32882?
True
Is 1500 a multiple of 25?
True
Does 77 divide 10856?
False
Is 134 a multiple of 6?
False
Does 9 divide 3476?
False
Does 114 divide 59333?
False
Is 5 a factor of 170?
True
Is 20 a factor of 140?
True
Is 80 a factor of 25520?
True
Does 30 divide 1860?
True
Is 5975 a multiple of 35?
False
Is 30690 a multiple of 33?
True
Is 1880 a multiple of 55?
False
Is 3 a factor of 7137?
True
Does 4 divide 4076?
True
Is 14458 a multiple of 61?
False
Does 11 divide 935?
True
Is 48 a factor of 1502?
False
Does 85 divide 2413?
False
Is 38 a factor of 17471?
False
Does 14 divide 2912?
True
Is 260 a multiple of 20?
True
Is 23 a factor of 482?
False
Does 36 divide 96444?
True
Does 15 divide 22807?
False
Is 4544 a multiple of 142?
True
Is 4 a factor of 1034?
False
Is 88 a factor of 4380?
False
Is 41 a factor of 2665?
True
Does 75 divide 4200?
True
Does 38 divide 3069?
False
Does 169 divide 9633?
True
Is 180 a multiple of 9?
True
Is 72441 a multiple of 9?
True
Does 3 divide 1601?
False
Does 247 divide 77064?
True
Is 21 a factor of 673?
False
Is 10197 a multiple of 11?
True
Is 1001 a multiple of 11?
True
Is 3941 a multiple of 29?
False
Is 12 a factor of 73867?
False
Is 13 a factor of 429?
True
Is 13920 a multiple of 16?
True
Is 42 a factor of 864?
False
Does 42 divide 5868?
False
Is 25 a factor of 250?
True
Does 38 divide 2128?
True
Is 828 a multiple of 69?
True
Does 26 divide 806?
True
Does 8 divide 20757?
False
Is 80 a factor of 47760?
True
Is 88 a factor of 34617?
False
Does 9 divide 909?
True
Does 19 divide 6368?
False
Is 1350 a multiple of 75?
True
Does 25 divide 12425?
True
Is 8220 a multiple of 20?
True
Is 27 a factor of 2511?
True
Doe